 = 6*u**3 - 2*u**2 + u + 1. Let f = -11 + 15. Suppose -f*x + 6*g + 85 = g, -g - 20 = -x. What is the remainder when o(2) is divided by x?
13
Let p(a) = -11*a - 30. Calculate the remainder when p(-14) is divided by 42.
40
Suppose -2*m + 9 + 2 = -5*h, 7 = 2*h + 3*m. Calculate the remainder when 8 is divided by 25/5 - (3 + h).
2
Let w(h) = h + 8. Suppose -x - 8 = 3*d - 3, 0 = -5*x - 25. Suppose 0*t - 2*t = d. Calculate the remainder when 14 is divided by w(t).
6
Suppose -4*t - 5*u + 60 = 0, 2*t + 5*u + 19 - 49 = 0. Let a(m) = m**2 - 14*m + 1. What is the remainder when 61 is divided by a(t)?
13
Suppose -73 = -8*q + 111. What is the remainder when 68 is divided by q?
22
Let j(t) = -4*t - 96. Calculate the remainder when 70 is divided by j(-27).
10
Suppose -6*s + 3*s - p + 107 = 0, 0 = -4*s + 4*p + 116. What is the remainder when s is divided by ((-220)/6)/(-2) - 16/48?
16
Suppose -23*i = -28*i + 80. Suppose -c - 9 = 2*c. Let n(z) = -z**2 - 5*z + 3. What is the remainder when i is divided by n(c)?
7
Let p(h) = 4*h**2. Let m be p(-1). Let z = m - 0. Suppose 0 = 4*o + 12 + 4, 5*o + 152 = z*n. Calculate the remainder when n is divided by 12.
9
Suppose 49 = 5*k - 16. What is the remainder when 51 is divided by k?
12
Let v(f) = 3*f**2 - 7*f + 5. Suppose -i - 22 = -4*h + i, h + 4*i = 19. What is the remainder when v(3) is divided by h?
4
Suppose -195 = -3*n + 2*w, -w = -6*w - 15. What is the remainder when n is divided by 16?
15
Let m(z) = -3*z. Calculate the remainder when 8 is divided by m(-2).
2
Suppose 0*d + 5*d + 25 = 0. Let t = d - -22. What is the remainder when 50 is divided by t?
16
Suppose 6*x - 100 = x + 5*s, -4*x = 3*s - 94. Let r = x - 8. What is the remainder when r is divided by 4?
2
Suppose 4*z + 20 = -0*z. Let v be 2 + 2 + z + 1. Suppose v*x = -2*x - q + 28, -28 = -2*x - 2*q. What is the remainder when 40 is divided by x?
12
Suppose 0 = 3*h - 105 - 60. Suppose 3*s - 2 = h. Let b = -11 + s. What is the remainder when 21 is divided by b?
5
Suppose -5*b - 3*w + 71 = -4*b, -b + 5*w = -63. Suppose v + v - b = 0. Calculate the remainder when v is divided by 12.
10
What is the remainder when ((-26)/10 + 3)/(1/185) is divided by 11?
8
Let w(b) = b**3 + b**2 - 4*b + 3. Suppose -5*r + 0*r = 15, -3*m + 2*r + 12 = 0. Suppose c - 57 = -2*c. What is the remainder when c is divided by w(m)?
5
Let b = 4 + -65. Let f = -21 - b. Let j = f - 23. What is the remainder when j is divided by 9?
8
Let k(n) = -3*n - 8. Let j = -8 + 9. Let c(b) = 2*b**3 + 2*b - 1. What is the remainder when k(-6) is divided by c(j)?
1
Calculate the remainder when 92 is divided by -4*1*((-171)/(-4))/(-9).
16
Let x(w) = -w**3 + 8*w**2 - 6*w - 3. Let r be (2/(-1))/((-10)/35). Suppose 2*g - 50 = -3*g. What is the remainder when g is divided by x(r)?
2
Suppose 2*p + 5 = -1. Let s be 1/(2 - p/(-2)). Suppose 3 = s*n - 1. Calculate the remainder when n is divided by 1.
0
Suppose b = -3*b + 3440. Let y = 239 - b. Calculate the remainder when (-4)/10 + y/(-15) is divided by 14.
13
Suppose 0*c = 4*c - 36. Let z(o) = -o**3 - 4*o**2 + 5*o + 1. Let h be z(-5). Calculate the remainder when 17/h - (3 + -3) is divided by c.
8
Let z = -104 + 118. What is the remainder when 22 is divided by z?
8
Suppose -5*b + 15 = -185. Calculate the remainder when b is divided by 15.
10
Let s(a) = -a**2 - 9*a + 8. Let g = 10 - 5. Calculate the remainder when s(-8) is divided by g.
1
Let o(s) = -s**2 - 10*s - 7. Suppose -6 = 2*u, -u + 17 = -q - 5*u. Let d(f) = f**3 - f**2 - 4*f + 4. What is the remainder when o(q) is divided by d(3)?
8
Let q(g) = 8*g**2 + g + 1. Let i(o) = -o**3 + 16*o**2 - 13*o - 21. Calculate the remainder when q(2) is divided by i(15).
8
Suppose 4*x + 16 = 0, 2*j = -x + 4*x + 18. Suppose 0*i = -4*i + 52. Calculate the remainder when i is divided by 42/(-4)*(-2)/j.
6
Suppose 6 = -3*o, 2*o + 77 + 155 = 3*u. Let c(l) = 8*l**2 + 3*l. Calculate the remainder when u is divided by c(-2).
24
Let p(d) = 3*d**3 + d**2 + d + 1. Let b be p(-1). Let j be (-2)/2 - (b - -2). Let o = j + 10. Calculate the remainder when 26 is divided by o.
8
Let s be (-19 - (4 - 2)) + -1. What is the remainder when 0 - 3/(6/s) is divided by 7?
4
Let v = 127 + -108. Calculate the remainder when 72 is divided by v.
15
Let r be 4/12 + (-34)/(-6). Suppose 0 = 3*m + m - 2*g - 36, -m = g - r. Let h = -34 + 48. What is the remainder when h is divided by m?
6
Let a be (-33)/(-7) - (-4)/14. Suppose 0 = -3*v + 11 + 7. Suppose -5*y - 19 = v, a*y = -b + 20. Calculate the remainder when b is divided by 16.
13
Let i = 106 - 72. Suppose -9 = -o - 3*g, 2*o - 5*g = -5 + i. Calculate the remainder when 1 - 2/(2/(-33)) is divided by o.
10
Let o(a) be the first derivative of -a**4/4 - a**3/3 - a**2 - 2. What is the remainder when 22 is divided by o(-2)?
6
Let t(a) = -9*a - 27. Calculate the remainder when t(-10) is divided by 13.
11
Let w(y) = y. Let b be w(-2). Let m = b + 2. What is the remainder when -1 + m + 0 + 9 is divided by 5?
3
Suppose 3*d - 37 = 2*t + 12, -4*d = 3*t - 71. What is the remainder when (-5 + -57)/(-1 - 1) is divided by d?
14
Let x(s) = -s - 3. Let p be x(8). Let t = -1 - p. Let u = 16 - t. Calculate the remainder when 16 is divided by u.
4
Suppose -4*q + 16 = -0*q. Suppose w = -2*z - 4 + 20, 0 = -q*w - 8. What is the remainder when 16 is divided by z?
7
Calculate the remainder when -52*((-25)/(-10) - 3) is divided by 6.
2
Let c(y) = 7*y**2 + 3*y - 1. Suppose 5*g = -1 + 11. Calculate the remainder when c(g) is divided by 17.
16
Let h(m) = 2*m - 8. Let q be h(5). Suppose -71 = -q*s - 25. What is the remainder when s is divided by 12?
11
Suppose 4*l + 40 = 5*a - 75, a - l = 22. What is the remainder when a is divided by 16*((-1)/1)/(-2)?
3
Suppose 2*r + 2 = 3*r. Let z be (-10)/8 - 2/(-8). Let m = z - -4. What is the remainder when m is divided by r?
1
Let d(f) = f**2. Suppose -6 = 2*q - 24. What is the remainder when d(4) is divided by q?
7
Let r(s) = 48*s - 1. Calculate the remainder when r(1) is divided by 17.
13
Let m(a) = a + 3. Let n be m(-4). Let o be (0/(-2))/(0 - n). Suppose o = -u - 1, 3*u - 18 - 2 = -x. What is the remainder when x is divided by 8?
7
Calculate the remainder when 124 is divided by ((-12)/(-9))/(8/84*1).
12
Let m = 37 + 77. What is the remainder when m is divided by 39?
36
Suppose 0 = 5*v - 4 - 6. Let r = v - -2. What is the remainder when 5 is divided by r?
1
Suppose -4*h + 96 = -4*k + 6*k, -5*h + 3*k + 131 = 0. Calculate the remainder when h is divided by 5.
0
Let y = 28 - -90. Suppose -5*k + 127 + y = 0. Suppose 3*z + 17 = 68. What is the remainder when k is divided by z?
15
Suppose -2 = -o + 5. Let p(j) = j**2 - 6*j + 5. Let i be p(o). What is the remainder when 37 is divided by (-2 - -2 - -1) + i?
11
Let f = 26 + 12. Calculate the remainder when f is divided by 8.
6
Suppose -46 = -9*i + 62. What is the remainder when i is divided by 3?
0
Calculate the remainder when 24 is divided by ((-13)/2)/((-15)/30).
11
Suppose 4 = -4*p + 5*p. Suppose 5*a - 3*a - 258 = 0. Suppose -p*b + a = 25. What is the remainder when b is divided by 9?
8
Let o(f) = -f**3 + 7*f**2 - 6*f - 4. What is the remainder when 79 is divided by o(5)?
15
Let l(j) = j**3 - 2*j**2 - 4*j - 2. Suppose 2*c + 0*x + 20 = 4*x, c - 5*x = -22. Let t be l(c). Let h = 11 + t. What is the remainder when h is divided by 1?
0
Let g be (-1 - -1)/(2/2). Suppose g = -5*o + 4 + 1. What is the remainder when o is divided by 2/4 - 1/(-2)?
0
Let y = 38 - -28. Let k = y + -7. What is the remainder when k is divided by 20?
19
Let z(h) = -h**2 - 6*h + 2. Let q be z(-5). Let i = q - 3. Suppose -3*n + i = -n. Calculate the remainder when 2 is divided by n.
0
Suppose 4*t = z - 11, -t - 1 = -4. Let h = z - 15. What is the remainder when 15 is divided by h?
7
Let q(y) = -y + 13. Suppose w - f - 153 = 0, f + 20 = -3*f. Suppose 7*b - 3*b = w. Calculate the remainder when b is divided by q(0).
11
Suppose 3*w = -w + 8. Suppose -b + w = -2. What is the remainder when 12 is divided by 1*-21*b/(-12)?
5
Suppose 23 = 2*m - 7*w + 2*w, -32 = -4*m - 4*w. Let p(x) = -2*x**3 - x**2 - 2*x + 1. Suppose -10 + 0 = 5*a. Calculate the remainder when p(a) is divided by m.
8
Let w = -58 + 94. Suppose 4*j - w = -4*f, -2*f + 3*j - 16 = -4*f. Let o = 26 - f. What is the remainder whe